{"id":53729,"date":"2022-10-31T14:35:06","date_gmt":"2022-10-31T20:35:06","guid":{"rendered":"https:\/\/sspo.gob.mx\/?page_id=53729"},"modified":"2022-10-31T14:35:06","modified_gmt":"2022-10-31T20:35:06","slug":"plan-institucional-de-tecnologias-de-la-informacion-y-comunicacion","status":"publish","type":"page","link":"https:\/\/www.sspo.gob.mx\/?page_id=53729","title":{"rendered":"Plan Institucional de Tecnolog\u00edas de la Informaci\u00f3n y Comunicaci\u00f3n"},"content":{"rendered":"\n<div class=\"wp-block-file\"><object class=\"wp-block-file__embed\" data=\"https:\/\/sspo.gob.mx\/wp-content\/uploads\/2022\/10\/PITIC-SSPO.pdf\" type=\"application\/pdf\" style=\"width:100%;height:600px\" aria-label=\"Incrustado de PITIC SSPO.\"><\/object><a id=\"wp-block-file--media-65d9cb9e-e77a-49e1-a118-ddd4ecb512b0\" href=\"https:\/\/sspo.gob.mx\/wp-content\/uploads\/2022\/10\/PITIC-SSPO.pdf\">PITIC SSPO<\/a><a href=\"https:\/\/sspo.gob.mx\/wp-content\/uploads\/2022\/10\/PITIC-SSPO.pdf\" class=\"wp-block-file__button\" download aria-describedby=\"wp-block-file--media-65d9cb9e-e77a-49e1-a118-ddd4ecb512b0\">Descarga<\/a><\/div>\n","protected":false},"excerpt":{"rendered":"<p>PITIC SSPODescarga<\/p>\n","protected":false},"author":1,"featured_media":0,"parent":0,"menu_order":0,"comment_status":"closed","ping_status":"closed","template":"","meta":{"footnotes":""},"_links":{"self":[{"href":"https:\/\/www.sspo.gob.mx\/index.php?rest_route=\/wp\/v2\/pages\/53729"}],"collection":[{"href":"https:\/\/www.sspo.gob.mx\/index.php?rest_route=\/wp\/v2\/pages"}],"about":[{"href":"https:\/\/www.sspo.gob.mx\/index.php?rest_route=\/wp\/v2\/types\/page"}],"author":[{"embeddable":true,"href":"https:\/\/www.sspo.gob.mx\/index.php?rest_route=\/wp\/v2\/users\/1"}],"replies":[{"embeddable":true,"href":"https:\/\/www.sspo.gob.mx\/index.php?rest_route=%2Fwp%2Fv2%2Fcomments&post=53729"}],"version-history":[{"count":2,"href":"https:\/\/www.sspo.gob.mx\/index.php?rest_route=\/wp\/v2\/pages\/53729\/revisions"}],"predecessor-version":[{"id":53732,"href":"https:\/\/www.sspo.gob.mx\/index.php?rest_route=\/wp\/v2\/pages\/53729\/revisions\/53732"}],"wp:attachment":[{"href":"https:\/\/www.sspo.gob.mx\/index.php?rest_route=%2Fwp%2Fv2%2Fmedia&parent=53729"}],"curies":[{"name":"wp","href":"https:\/\/api.w.org\/{rel}","templated":true}]}}